{"id":1236,"date":"2024-10-27T17:20:20","date_gmt":"2024-10-27T16:20:20","guid":{"rendered":"https:\/\/picturalmindcontrol.com\/?page_id=1236"},"modified":"2024-10-27T18:18:24","modified_gmt":"2024-10-27T17:18:24","slug":"1236-2","status":"publish","type":"page","link":"https:\/\/picturalmindcontrol.com\/index.php\/1236-2\/","title":{"rendered":""},"content":{"rendered":"\t\t<div data-elementor-type=\"wp-page\" data-elementor-id=\"1236\" class=\"elementor elementor-1236\">\n\t\t\t\t<div class=\"elementor-element elementor-element-5ba1c18e e-con-full e-flex e-con e-parent\" data-id=\"5ba1c18e\" data-element_type=\"container\">\n\t\t\t\t<div class=\"elementor-element elementor-element-78ac2a8a elementor-widget elementor-widget-text-editor\" data-id=\"78ac2a8a\" data-element_type=\"widget\" data-widget_type=\"text-editor.default\">\n\t\t\t\t<div class=\"elementor-widget-container\">\n\t\t\t\t\t\t\t\t\t<p><\/p>\n<p>Je marche en direction de la machine \u00e0 caf\u00e9, je n\u2019ai qu\u2019une envie c\u2019est de me remettre les id\u00e9es en place. Bien entendu impossible d&rsquo;en trouver une. Je demande donc mon chemin \u00e0 un employ\u00e9 qui me dit que je peux en trouver \u00e0 la caf\u00e9t\u00e9ria. C&rsquo;est \u00e9vident, mais il faudrait juste me dire o\u00f9 elle est cette p**** de caf\u00e9t\u00e9ria ?<\/p>\n<p><\/p>\n<p>Apr\u00e8s de longues minutes, j&rsquo;arrive enfin devant et je vois un homme qui tape dessus&#8230;<\/p>\n<p><\/p>\n<figure class=\"wp-block-audio\"><audio src=\"https:\/\/picturalmindcontrol.com\/wp-content\/uploads\/2024\/01\/GORNIKI.wav\" controls=\"controls\"><\/audio><\/figure>\n<p><\/p>\n<p class=\"has-text-align-center\">\u00c7a y est, c&rsquo;est bient\u00f4t l&rsquo;heure de ma TRANS. J&rsquo;ai peur, mais plus de retour en arri\u00e8re possible, j&rsquo;y vais.<\/p>\n<p><\/p>\n<p><\/p>\t\t\t\t\t\t\t\t<\/div>\n\t\t\t\t<\/div>\n\t\t\t\t<\/div>\n\t\t\t\t<\/div>\n\t\t","protected":false},"excerpt":{"rendered":"<p>Je marche en direction de la machine \u00e0 caf\u00e9, je n\u2019ai qu\u2019une envie c\u2019est de me remettre les id\u00e9es en place. Bien entendu impossible d&rsquo;en trouver une. Je demande donc mon chemin \u00e0 un employ\u00e9 qui me dit que je peux en trouver \u00e0 la caf\u00e9t\u00e9ria. C&rsquo;est \u00e9vident, mais il faudrait juste me dire o\u00f9<\/p>\n","protected":false},"author":2,"featured_media":0,"parent":0,"menu_order":0,"comment_status":"closed","ping_status":"closed","template":"","meta":{"_monsterinsights_skip_tracking":false,"_monsterinsights_sitenote_active":false,"_monsterinsights_sitenote_note":"","_monsterinsights_sitenote_category":0,"footnotes":""},"class_list":["post-1236","page","type-page","status-publish","hentry"],"aioseo_notices":[],"_links":{"self":[{"href":"https:\/\/picturalmindcontrol.com\/index.php\/wp-json\/wp\/v2\/pages\/1236","targetHints":{"allow":["GET"]}}],"collection":[{"href":"https:\/\/picturalmindcontrol.com\/index.php\/wp-json\/wp\/v2\/pages"}],"about":[{"href":"https:\/\/picturalmindcontrol.com\/index.php\/wp-json\/wp\/v2\/types\/page"}],"author":[{"embeddable":true,"href":"https:\/\/picturalmindcontrol.com\/index.php\/wp-json\/wp\/v2\/users\/2"}],"replies":[{"embeddable":true,"href":"https:\/\/picturalmindcontrol.com\/index.php\/wp-json\/wp\/v2\/comments?post=1236"}],"version-history":[{"count":16,"href":"https:\/\/picturalmindcontrol.com\/index.php\/wp-json\/wp\/v2\/pages\/1236\/revisions"}],"predecessor-version":[{"id":1280,"href":"https:\/\/picturalmindcontrol.com\/index.php\/wp-json\/wp\/v2\/pages\/1236\/revisions\/1280"}],"wp:attachment":[{"href":"https:\/\/picturalmindcontrol.com\/index.php\/wp-json\/wp\/v2\/media?parent=1236"}],"curies":[{"name":"wp","href":"https:\/\/api.w.org\/{rel}","templated":true}]}}